pose 5*f - 569 = -3*p, 5*p = 2*f - 6*f + b. What is the tens digit of f?
1
Let x(f) = 15*f + 67. Let t be x(-28). Let n = 483 + t. What is the tens digit of n?
3
What is the tens digit of (124 - (15 - 16))*125?
2
Let p = 3223 + 14250. What is the tens digit of p?
7
Suppose -2*j = 2*h - 16170, 165*h - 166*h = -2*j - 8076. What is the tens digit of h?
8
Let y = 4058 + -514. What is the tens digit of y?
4
Let g = -4 - -8. Let x be 17/g - 2/8*-3. Suppose 0 = 3*p + 5*h - 191, p - x*h - 31 = 46. What is the tens digit of p?
6
Let a = -12566 - -20573. What is the units digit of a?
7
What is the units digit of (12/(-54))/(3/(-54)) - -5138?
2
Let f(i) be the first derivative of i**3/3 - 14*i**2 + 115*i - 107. What is the hundreds digit of f(34)?
3
What is the hundreds digit of (20/(-15)*454)/(23/(-276))?
2
Suppose 3150 = 62*r - 68*r. Let f = -120 - r. What is the tens digit of f?
0
Suppose 2*k = -3*s - 23, -5*s = 2*k + 29 + 12. Let i(c) = 8*c**2 - 10*c - 29. What is the tens digit of i(s)?
0
Let i = -233 - -243. What is the tens digit of 8 + i + (-1 - 3)?
1
Let o(d) = 6*d**2 + 2*d + 1336. What is the thousands digit of o(85)?
4
Let m(z) = -z - 21. Let x(h) = -10*h**3 + h**2. Let d be x(1). Let k be m(d). Let t = 36 + k. What is the units digit of t?
4
Suppose -24201 = -5*f - 3*k, 0*f + 3*k - 14523 = -3*f. What is the tens digit of f?
3
Let b be 311 + (10 - 5) + -4. Suppose -4*u + 37 = -5*t, -3*t + 10 = 25. Suppose -u*n - n + b = 0. What is the tens digit of n?
7
Let r(m) = 7*m - 10. Let a be r(2). Suppose -12 = -a*d - 4. Suppose d*q - 88 + 460 = 4*x, -4*q = -8. What is the tens digit of x?
9
Let h(v) be the third derivative of v**4/4 - 7*v**3/2 + v**2. Let c be h(-8). Let i = c - -83. What is the tens digit of i?
1
Let d(a) = 2*a**3 + 9*a**2 - 18*a - 23. Let w be d(-9). What is the units digit of w/12*-2 + 1/(-3)?
8
Suppose 2*i - 3*m - 4921 = 0, 4*m + 14921 - 5085 = 4*i. Suppose 0 = 4*c + 44 - i. What is the units digit of c?
3
Suppose 217*h - 215*h - 8 = 0. Suppose -2*k + c - h*c + 405 = 0, c = -5. What is the units digit of k?
0
Let p(l) = -3*l + 22. Let x be p(6). Suppose 0 = x*k + 2*q - 236, 0*k + 5*k + q = 301. Suppose 3*r = -2*h + 173 - k, 5*r = -10. What is the units digit of h?
9
Let m = 24 - 20. Suppose -48 = -4*d + m*x, 2*d - 32 = 2*x + 2*x. Suppose 11*k - 252 = d*k. What is the tens digit of k?
8
Let w be -7*36/(-84) + (-1)/(-1). Suppose 5*o = -d + 5415, -7*o + 2*o - w*d + 5400 = 0. What is the tens digit of o?
8
Let s = 21826 + -11545. What is the ten thousands digit of s?
1
Suppose -22*o + 25*o = -13584. Let z be o/(-14) + 33/(-77). Let x = z - 134. What is the units digit of x?
9
Let b(q) = 61*q**3 - q**2 - 47*q - 4. What is the hundreds digit of b(7)?
5
Suppose 3*z + 0*z = 3*y + 15, 3*z - 4*y - 20 = 0. Suppose z = -3*h + 988 - 70. What is the tens digit of h?
0
What is the ten thousands digit of 278015/20 - 23/(-92)?
1
Suppose -c + 29 = -0*c + d, -5*c + 110 = -2*d. Suppose -x = -1, -c - 23 = -r + 2*x. Let h = 69 - r. What is the tens digit of h?
2
Let g = 126724 - 61955. What is the hundreds digit of g?
7
Let o = -1480 - -3067. Suppose -10*x = -5303 - o. What is the hundreds digit of x?
6
Let v = -204 - -204. Suppose 5*t - t + 8 = v, k = 4*t + 323. What is the tens digit of k?
1
Suppose -5*p - 18*u + 181961 = -15*u, p + u = 36395. What is the units digit of p?
8
Let g be 1*216/16*4/6. Suppose 2463 + 1398 = g*a. What is the hundreds digit of a?
4
Let v be 1 + 45/9 + 2460. Suppose 8*w - 11454 = v. What is the tens digit of w?
4
Let n = 78 + -72. Suppose -43 = -n*q - 19. Suppose q*r + 4*r = 1632. What is the tens digit of r?
0
Let h = 96 + -92. Let s be (-9)/h - 26/(-104). Let m(u) = -12*u**3 - u**2 + 2*u. What is the tens digit of m(s)?
8
Suppose 5*u - 44 + 64 = 0. What is the hundreds digit of (-5 - (4 + u)) + 1930?
9
What is the thousands digit of 3/(9/104903) + 1235/(-741)?
4
Let d be 9/6 + 6 + (-10542)/12. Let t = -597 - d. What is the tens digit of t?
7
Let o(h) = -77*h - 35. Let p be o(-1). Let z = 309 + p. What is the hundreds digit of z?
3
Let t(z) = -z**3 - 45*z**2 + 99*z - 299. What is the ten thousands digit of t(-53)?
1
Let y = 2656 + -532. Let b = y + -720. What is the thousands digit of b?
1
Let t(q) = -q**3 + 4*q**2 - 2*q + 4. Let r be t(3). Let d = 73 - r. Suppose 0 = 2*p - d - 60. What is the tens digit of p?
6
Let q be (-1064)/392 - (-4)/(-14). Let m(i) = -9 - 10*i + 4 - 5 - 7. What is the units digit of m(q)?
3
Let z(x) = 8433*x**2 + 17*x + 2. What is the hundreds digit of z(1)?
4
Suppose 0 = 29*r - 14519 - 6535. What is the tens digit of r?
2
What is the units digit of ((-34993)/(-2))/(7/21 - (-1)/6)?
3
Suppose 5*w = 6*s + 83691, 8*w - 4*w - 66988 = -4*s. What is the thousands digit of w?
6
Let w = 40 + -36. Suppose 5*n - 4*n - 5*r - 22 = 0, 2*n + w*r - 2 = 0. Suppose n*d - 69 - 351 = 0. What is the units digit of d?
0
Let p = 786 - 478. Let q = -263 + p. What is the units digit of q?
5
Let r(d) be the third derivative of -5*d**4/6 + 25*d**3/3 - 78*d**2. What is the units digit of r(-5)?
0
Let m(x) = 127*x**2 + 9*x - 5. Suppose 47*c - 48*c = -2. What is the units digit of m(c)?
1
Suppose 4*t - 115*g = -118*g + 256614, -4*g - 192448 = -3*t. What is the hundreds digit of t?
1
Suppose 0 = 32*z - 20*z - 588. Suppose -z*m + 5*m = -44924. What is the tens digit of m?
2
Let p(s) = 225*s**3 + 15*s**2 - 3*s - 238. What is the ten thousands digit of p(7)?
7
Suppose 2 = f + 4*z, 5*f - 7*f - 3 = z. What is the tens digit of f - (1/(-6) + (-2150)/60)?
3
Let c be 10/4*444/185 - 2. Suppose 4*a - 1360 = -0*a - 4*k, c*k - 1016 = -3*a. What is the units digit of a?
4
Suppose 4*c - 22 = 6. Let w(i) be the first derivative of i**3 - i**2/2 + 4*i + 7. What is the tens digit of w(c)?
4
Let c(y) = y**2 + 87*y - 1554. What is the tens digit of c(73)?
2
Let x = -14 + 22. Suppose -x = 2*n + 4*m + m, -m = 0. What is the units digit of (-2850)/(-18) + -3 + n/(-6)?
6
Let o = -62 - -62. Suppose o = 2*a - 4*g + 20, a - g + 13 = 4*g. What is the units digit of 18928/128 - 1/a?
8
Suppose -y + s = 3, -y = 6*s - 3*s - 17. Suppose -322 - 274 = -y*o. What is the hundreds digit of o?
2
Let k = -235 - -704. Suppose -k*x + 472*x - 2697 = 0. What is the tens digit of x?
9
What is the hundreds digit of (6581/1 - 7) + (-1)/((-3)/(-18))?
5
Suppose -3171 = -3*j - 3*x, -2*j + 21*x - 16*x + 2114 = 0. What is the tens digit of j?
5
Let w(y) = -y**2 + 20*y - 51. Let z be w(16). Suppose 18*i = z*i + 6635. What is the thousands digit of i?
1
Let m = -171 + 105. Let c = m - -37. Let f = c + 116. What is the tens digit of f?
8
Let f = -129 - -48. Let t = -15 + 125. Let n = t + f. What is the units digit of n?
9
Let u(v) be the third derivative of 539*v**4/12 + 11*v**3 - 12*v**2 + 2*v. What is the tens digit of u(1)?
4
Let x = -18502 + 29625. What is the thousands digit of x?
1
Suppose 3*b = 2*y + 2 + 3, -5*y + 5*b - 15 = 0. Let c be -2477*y/36 - 6/27. Let n = c + -184. What is the tens digit of n?
9
Let v(y) = -y**3 + 6*y**2 - 6*y + 8. Let j = -83 + 88. Let n be v(j). What is the units digit of 15/9 + ((-60)/(-18) - n)?
2
Suppose 16*z = -6*z + 176. Suppose -z*k - 2075 + 5219 = 0. What is the units digit of k?
3
Suppose 12*f - 180629 = 111799. What is the thousands digit of f?
4
Suppose 28*c = 36*c - 32. Suppose c*w = -3*l + 1483, -4*w + 1419 = -4*l - 85. What is the units digit of w?
3
Let x(w) = w + 18. Let v = 127 + -75. Suppose -2*i - v = 2*i + 2*n, -8 = i + 3*n. What is the units digit of x(i)?
4
Let k(i) be the third derivative of -5*i**4/8 - 43*i**3/3 + 57*i**2. What is the hundreds digit of k(-22)?
2
Suppose 2*n + 4*p - 416 = -2, 4*p - 8 = 0. Suppose n*f + 589 = 204*f. What is the hundreds digit of f?
5
Let f(b) be the second derivative of -69*b**3/2 + 93*b**2/2 + 294*b. What is the units digit of f(-4)?
1
Let m(h) = -h**2 + 6*h - 7. Let g be m(5). Let v(i) be the third derivative of -5*i**4/8 - i**3 + i**2 - 1. What is the tens digit of v(g)?
2
Suppose -7*c - 50 = -2*c. Let z be (c/4 + 0)*(-8)/5. Suppose 647 = 5*l - 2*s, z*l - 261 = 2*l + 3*s. What is the units digit of l?
9
Let i(l) = -2*l**2 - 11*l + 6. Let h be i(7). Let z = h - -242. What is the tens digit of z?
7
Suppose -g - 30 = -48. What is the tens digit of 321/((-4)/g - 217/(-126))?
1
Let r(d) = -28